1609 prime?
True
Is 2106593 a prime number?
False
Is 1650503 composite?
True
Is 1216541 prime?
False
Is 7302219 a prime number?
False
Is 32951483 prime?
False
Is 365598993 composite?
True
Is 22693273 prime?
True
Is 172175477 composite?
False
Is 94412113 a composite number?
True
Is 14680247 a prime number?
True
Is 42630059 composite?
True
Is 143645659 composite?
True
Is 2387789 prime?
False
Is 30137663 a composite number?
False
Is 2057737 a composite number?
True
Is 7600354 prime?
False
Is 3288673 a prime number?
True
Is 9619 a prime number?
True
Is 57844687 a composite number?
False
Is 11498559 composite?
True
Is 1398401 composite?
False
Is 2330099 a composite number?
False
Is 8906893 prime?
True
Is 203523035 composite?
True
Is 300519157 a prime number?
False
Is 5503021 a composite number?
False
Is 430372361 a prime number?
True
Is 4244029 prime?
False
Is 68398177 composite?
False
Is 12242423 composite?
False
Is 289522903 a prime number?
False
Is 1599919 a composite number?
False
Is 87368317 prime?
True
Is 12895727 prime?
False
Is 1472881 composite?
True
Is 85297 a composite number?
False
Is 138228397 a composite number?
False
Is 18918089 composite?
True
Is 607553803 composite?
True
Is 306871874 prime?
False
Is 94894313 composite?
False
Is 3453365 composite?
True
Is 10914311 prime?
True
Is 35423067 a composite number?
True
Is 53795465 prime?
False
Is 68739607 a composite number?
False
Is 6661069 a composite number?
False
Is 2957321 composite?
False
Is 464959199 composite?
False
Is 5500031 a composite number?
True
Is 40359063 a prime number?
False
Is 4808911 prime?
True
Is 103455763 prime?
True
Is 14443207 a prime number?
False
Is 5260369 a prime number?
True
Is 3532999 a composite number?
False
Is 7971563 a composite number?
False
Is 3141934 composite?
True
Is 1816769 composite?
False
Is 27290429 prime?
True
Is 3241093 prime?
True
Is 15728627 composite?
True
Is 96119281 composite?
False
Is 66326033 a prime number?
False
Is 109883 a composite number?
False
Is 608298085 composite?
True
Is 7879693 a prime number?
False
Is 98203 a composite number?
True
Is 10311149 a prime number?
False
Is 2406154 prime?
False
Is 51010378 prime?
False
Is 28064009 composite?
False
Is 61004381 prime?
False
Is 345294139 prime?
True
Is 78844201 a prime number?
True
Is 5065933 a composite number?
True
Is 448270117 a composite number?
False
Is 192303043 composite?
False
Is 24742615 a composite number?
True
Is 10085497 a prime number?
False
Is 1373401 prime?
False
Is 3594107 a prime number?
False
Is 371123 a composite number?
True
Is 52057009 composite?
True
Is 10386127 prime?
False
Is 1615279 prime?
True
Is 56807533 composite?
False
Is 477864817 prime?
True
Is 26898671 prime?
False
Is 71385439 a prime number?
True
Is 28273283 composite?
False
Is 2403383 a prime number?
True
Is 96301633 a prime number?
False
Is 715265 composite?
True
Is 2419917 a prime number?
False
Is 1520933 composite?
True
Is 623091787 prime?
False
Is 106481897 composite?
True
Is 81106919 composite?
False
Is 35842903 a prime number?
True
Is 2214949 a prime number?
False
Is 11473711 prime?
False
Is 18113051 a composite number?
True
Is 146952349 composite?
False
Is 549529 composite?
True
Is 2857609 a composite number?
False
Is 74704711 prime?
True
Is 4953911 prime?
True
Is 7075897 a composite number?
True
Is 60634153 composite?
False
Is 2843501 a prime number?
True
Is 72212191 a prime number?
True
Is 45612047 prime?
False
Is 10433051 a prime number?
True
Is 9243911 a composite number?
True
Is 1092313 a composite number?
True
Is 49496151 composite?
True
Is 8497267 a composite number?
True
Is 5315459 a composite number?
True
Is 247045787 composite?
True
Is 200597681 a prime number?
False
Is 49367173 a composite number?
False
Is 7564147 composite?
True
Is 8068769 composite?
False
Is 1692703 a composite number?
True
Is 103467841 composite?
False
Is 810707 prime?
False
Is 6525437 a prime number?
False
Is 12767957 composite?
False
Is 668087 prime?
False
Is 12144527 composite?
True
Is 521410259 prime?
True
Is 52476407 a composite number?
True
Is 15915631 a composite number?
False
Is 182477419 composite?
False
Is 85328999 a composite number?
True
Is 20903153 a prime number?
False
Is 543633 composite?
True
Is 705914323 a composite number?
True
Is 105741391 a composite number?
True
Is 295899599 a composite number?
True
Is 5228169 prime?
False
Is 19660499 composite?
False
Is 29845357 prime?
True
Is 260441 composite?
False
Is 45532717 prime?
False
Is 9989827 composite?
False
Is 337855823 a composite number?
False
Is 501841 composite?
False
Is 37611419 composite?
False
Is 60926363 prime?
True
Is 189199 composite?
False
Is 118587781 prime?
False
Is 3531139 prime?
True
Is 63648287 prime?
False
Is 15670177 a composite number?
False
Is 7282729 composite?
True
Is 616769 composite?
False
Is 88595027 a prime number?
True
Is 6403901 a prime number?
False
Is 212171 prime?
False
Is 11740307 a composite number?
True
Is 3563121 prime?
False
Is 52578473 a composite number?
False
Is 1424471 composite?
False
Is 22617597 prime?
False
Is 59801549 prime?
False
Is 640943 a prime number?
True
Is 90652373 a composite number?
True
Is 18081583 a composite number?
True
Is 118455413 prime?
False
Is 327061 prime?
False
Is 106727963 composite?
True
Is 4235159 a composite number?
True
Is 5241065 a composite number?
True
Is 45515813 a prime number?
False
Is 58860169 a composite number?
True
Is 26240179 composite?
True
Is 15596407 a composite number?
False
Is 1153367 a prime number?
True
Is 2901949 prime?
False
Is 275147 a prime number?
True
Is 493023367 composite?
True
Is 805693 composite?
True
Is 905699 a prime number?
False
Is 592961 prime?
False
Is 2955577 composite?
True
Is 14640053 a composite number?
False
Is 304141621 composite?
True
Is 86492771 composite?
False
Is 139794559 a prime number?
True
Is 112810547 a composite number?
False
Is 18049697 a prime number?
True
Is 3307199 a prime number?
False
Is 331552483 prime?
True
Is 27142147 composite?
False
Is 435463849 a composite number?
True
Is 899531461 prime?
True
Is 3377639 a prime number?
False
Is 15019033 a composite number?
True
Is 85437491 prime?
True
Is 300828947 composite?
False
Is 1611017 prime?
False
Is 111819607 a composite number?
False
Is 16983463 a prime number?
False
Is 46017689 composite?
True
Is 167077301 composite?
False
Is 1349651 composite?
False
Is 2840966 composite?
True
Is 1577099 a composite number?
False
Is 914363 composite?
False
Is 30759923 a composite number?
True
Is 5411717 prime?
True
Is 234383 composite?
False
Is 283753651 prime?
True
Is 2959321 a prime number?
True
Is 7895687 a prime number?
False
Is 20617027 a prime number?
True
Is 95923543 a composite number?
True
Is 11780161 a prime number?
False
Is 4382669 a prime number?
False
Is 76863419 prime?
True
Is 60794443 a prime number?
True
Is 1245961 composite?
False
Is 1091072293 composite?
False
Is 299128411 prime?
True
Is 8562229 a prime number?
False
Is 1430657105 composite?
True
Is 514461791 a composite number?
False
Is 43851263 prime?
False
Is 4953023 a composite number?
False
Is 5466967 composite?
True
Is 15741977 composite?
False
Is 170340283 prime?
True
Is 210582017 a composite number?
True
Is 327184457 prime?
False
Is 47870974 prime?
False
Is 25608523 composite?
True
Is 122194097 a prime number?
False
Is 7004663 a prime number?
False
Is 33889627 composite?
False
Is 2998549 a prime number?
True
Is 26662747 a composite number?
False
Is 26555227 composite?
True
Is 639767 composite?
True
Is 484543 prime?
True
Is 83089883 composite?
True
Is 160418042 prime?
False
Is 24273094 a prime number?
False
Is 2590807529 prime?
False
Is 15695479 prime?
True
Is 54689639 composite?
False
Is 21006431 a prime number?
True
Is 1615121 a composite number?
False
Is 8072651 composite?
True
Is 1501337 a prime number?
False
Is 88547 a prime number?
True
Is 179957105 composite?
True
Is 1006799 a composite number?
False
Is 262214437 a prime number?
True
Is 84816881 a composite number?
False
Is 107535058 composite?
True
Is 40335481 a composite number?
False
Is 220191887 composite?
False
Is 14178049 a composite number?
False
Is 4506423 prime?
False
Is 1623581 composite?
True
Is 22443329 prime?
True
Is 7293607 prime?
True
Is 5